{"id":1815,"date":"2020-01-15T08:38:37","date_gmt":"2020-01-15T08:38:37","guid":{"rendered":"https:\/\/demosoledad.pencidesign.net\/soledad-digital-startup-multipurpose\/?page_id=10"},"modified":"2025-10-08T09:41:01","modified_gmt":"2025-10-08T07:41:01","slug":"chi-siamo","status":"publish","type":"page","link":"https:\/\/www.raffaelegualtieri.com\/portale\/chi-siamo\/","title":{"rendered":"Chi siamo"},"content":{"rendered":"\t\t<div data-elementor-type=\"wp-page\" data-elementor-id=\"1815\" class=\"elementor elementor-1815\">\n\t\t\t\t\t\t<section class=\"penci-section penci-dmcheck penci-elbg-activate penci-disSticky penci-structure-10 elementor-section elementor-top-section elementor-element elementor-element-d51674c elementor-section-boxed elementor-section-height-default elementor-section-height-default\" data-id=\"d51674c\" data-element_type=\"section\" data-e-type=\"section\" data-settings=\"{&quot;background_background&quot;:&quot;classic&quot;}\">\n\t\t\t\t\t\t\t<div class=\"elementor-background-overlay\"><\/div>\n\t\t\t\t\t\t\t<div class=\"elementor-container elementor-column-gap-extended\">\n\t\t\t\t\t<div class=\"penci-ercol-100 penci-ercol-order-1 penci-sticky-ct    elementor-column elementor-col-100 elementor-top-column elementor-element elementor-element-11d8ea9\" data-id=\"11d8ea9\" data-element_type=\"column\" data-e-type=\"column\">\n\t\t\t<div class=\"elementor-widget-wrap elementor-element-populated\">\n\t\t\t\t\t\t<div class=\"elementor-element elementor-element-2c20f7d elementor-widget elementor-widget-penci-fancy_heading\" data-id=\"2c20f7d\" data-element_type=\"widget\" data-e-type=\"widget\" data-widget_type=\"penci-fancy_heading.default\">\n\t\t\t\t<div class=\"elementor-widget-container\">\n\t\t\t\t\t\t\t<div class=\"penci-fancy-heading penci-heading-text-center\">\r\n\t\t\t<div class=\"penci-fancy-heading-inner\">\r\n\t\t\t\t<div class=\"penci-heading-subtitle\">RAFFAELE GUALTIERI CLIMA<\/div><h1 class=\"penci-heading-title\"><span class=\"inner-tit\">Chi Siamo?<\/span><\/h1><div class=\"penci-separator penci-separator- penci-separator-center\"><span class=\"penci-sep_holder penci-sep_holder_l\"><span class=\"penci-sep_line\"><\/span><\/span><span class=\"penci-sep_holder penci-sep_holder_r\"><span class=\"penci-sep_line\"><\/span><\/span><\/div><div class=\"penci-heading-content entry-content\"><p>La nostra azienda \u00e8 il frutto di anni di esperienza al servizio dei nostri clienti<\/p>\n<\/div>\t\t\t<\/div>\r\n\t\t<\/div>\r\n\t\t\t\t\t\t<\/div>\n\t\t\t\t<\/div>\n\t\t\t\t\t<\/div>\n\t\t<\/div>\n\t\t\t\t\t<\/div>\n\t\t<\/section>\n\t\t\t\t<section class=\"penci-section penci-disSticky penci-structure-10 elementor-section elementor-top-section elementor-element elementor-element-84b4366 elementor-section-boxed elementor-section-height-default elementor-section-height-default\" data-id=\"84b4366\" data-element_type=\"section\" data-e-type=\"section\">\n\t\t\t\t\t\t<div class=\"elementor-container elementor-column-gap-no\">\n\t\t\t\t\t<div class=\"penci-ercol-100 penci-ercol-order-1 penci-sticky-ct    elementor-column elementor-col-100 elementor-top-column elementor-element elementor-element-3f5d78d\" data-id=\"3f5d78d\" data-element_type=\"column\" data-e-type=\"column\">\n\t\t\t<div class=\"elementor-widget-wrap elementor-element-populated\">\n\t\t\t\t\t\t<div class=\"elementor-element elementor-element-d66d184 elementor-widget elementor-widget-image\" data-id=\"d66d184\" data-element_type=\"widget\" data-e-type=\"widget\" data-widget_type=\"image.default\">\n\t\t\t\t<div class=\"elementor-widget-container\">\n\t\t\t\t\t\t\t\t\t\t\t\t\t\t\t<img fetchpriority=\"high\" decoding=\"async\" width=\"1024\" height=\"358\" src=\"https:\/\/www.raffaelegualtieri.com\/portale\/wp-content\/uploads\/2025\/10\/staff_gualtieri-1024x358.jpg\" class=\"attachment-large size-large wp-image-2146\" alt=\"\" srcset=\"https:\/\/www.raffaelegualtieri.com\/portale\/wp-content\/uploads\/2025\/10\/staff_gualtieri-1024x358.jpg 1024w, https:\/\/www.raffaelegualtieri.com\/portale\/wp-content\/uploads\/2025\/10\/staff_gualtieri-300x105.jpg 300w, https:\/\/www.raffaelegualtieri.com\/portale\/wp-content\/uploads\/2025\/10\/staff_gualtieri-768x268.jpg 768w, https:\/\/www.raffaelegualtieri.com\/portale\/wp-content\/uploads\/2025\/10\/staff_gualtieri-1536x537.jpg 1536w, https:\/\/www.raffaelegualtieri.com\/portale\/wp-content\/uploads\/2025\/10\/staff_gualtieri-1920x671.jpg 1920w, https:\/\/www.raffaelegualtieri.com\/portale\/wp-content\/uploads\/2025\/10\/staff_gualtieri-1170x409.jpg 1170w, https:\/\/www.raffaelegualtieri.com\/portale\/wp-content\/uploads\/2025\/10\/staff_gualtieri-585x204.jpg 585w, https:\/\/www.raffaelegualtieri.com\/portale\/wp-content\/uploads\/2025\/10\/staff_gualtieri.jpg 2024w\" sizes=\"(max-width: 1024px) 100vw, 1024px\" \/>\t\t\t\t\t\t\t\t\t\t\t\t\t\t\t<\/div>\n\t\t\t\t<\/div>\n\t\t\t\t<div class=\"elementor-element elementor-element-df6f76b elementor-widget elementor-widget-penci-fancy_heading\" data-id=\"df6f76b\" data-element_type=\"widget\" data-e-type=\"widget\" data-widget_type=\"penci-fancy_heading.default\">\n\t\t\t\t<div class=\"elementor-widget-container\">\n\t\t\t\t\t\t\t<div class=\"penci-fancy-heading penci-heading-text-left\">\r\n\t\t\t<div class=\"penci-fancy-heading-inner\">\r\n\t\t\t\t<div class=\"penci-heading-content entry-content\"><p>Se dovessimo dare una definizione breve della nostra azienda, ci piacerebbe dire che questa \u00e8 figlia dell\u2019impegno di un singolo, del contributo di tutta la sua famiglia e di una grande voglia di non smettere mai di mettersi in gioco.<\/p>\n<p>Le nostre radici affondano nell\u2019ormai lontano 1975, quando il titolare, <strong>Raffaele Gualtieri<\/strong>, inizi\u00f2 a lavorare e a formarsi, come dipendente, con caldaie e bruciatori a gas e a gasolio.<\/p>\n<p>L\u2019elettronica era ancora lontanissima all\u2019orizzonte: si iniziava a lavorare con le caldaie a gas, di marca Beretta, ma la normalit\u00e0 era rappresentata dalle caldaie a GPL. Le caldaie elettroniche sarebbero arrivate poco prima della met\u00e0 degli anni \u201980.<\/p>\n<p>Nel 1985, due anni dopo essersi sposato, Raffele Gualtieri \u201ccompie il salto\u201d e comincia a lavorare in proprio con Beretta. Fino al 1994, il Lavoro \u00e8 tutto sulle spalle di Raffaele e la parte amministrativa viene fatta in casa.\u00a0 Nel 1994, sar\u00e0 assunto il primo dipendente, Nicodemo Caruso, nipote di Raffaele.<\/p>\n<p>Nel 1995, l\u2019azienda ha aperto una nuova sede comprensiva di ufficio ed ha assunto un nuovo collaboratore. L\u2019ambito di competenza si \u00e8 allargato all\u2019impiantistica, all\u2019idraulica e all\u2019assistenza caldaie. Quattro anni dopo, nel 1999, l\u2019azienda si \u00e8 trasferita in una nuova sede pi\u00f9 grande, ha assunto una segretaria e ha cominciato a lavorare anche con altri marchi.<\/p>\n<p>Gli anni \u201990 hanno visto il boom dei climatizzatori e anche la nostra azienda ha cominciato ad installarli, iniziando una proficua collaborazione con la ditta IRSAP, che continua tuttora. Parallelamente, abbiamo iniziato la collaborazione con la ditta Herrmann, produttrice di caldaie. All\u2019inizio degli anni 2000, essendo l\u2019azienda in crescita, abbiamo assunto nuovi collaboratori e acquistato diversi automezzi. Le collaborazioni con ditte produttrici di caldaie e di climatizzatori si \u00e8 ampliata ancora.<\/p>\n<p>Dall\u2019inizio degli anni duemila ad oggi, siamo cresciuti ancora, ampliando la nostra offerta con nuovi marchi, con la vendita e la riparazione delle stufe (anche a pellet); i due figli di Raffaele, Alfredo ed Andrea, sono entrati a far parte dell\u2019organico, insieme ad altri nuovi dipendenti. Abbiamo intrapreso il percorso dell\u2019installazione di pannelli solari termici e di impianti idronici, curando la collaborazione con aziende prestigiose ed affidabili quali Daikin, Chaffoteaux, Baxi, Hermann Saunier Duval, LG, Mitsubishi Electric.\u00a0<\/p>\n<p>L\u2019espansione \u00e8 continuata fino al 2018, quando la Raffaele Gualtieri si \u00e8 trasferita nella sede attuale, pi\u00f9 grande e pi\u00f9 comoda, in modo da organizzare il lavoro in maniera pi\u00f9 efficiente. Attualmente, presso la nostra sede, sono presenti un ufficio Edison Gas & Luce, una segreteria, una sala espositiva, un ufficio per i tecnici ed un archivio. L\u2019organico \u00e8 aumentato fino a comprendere diversi tecnici e quattro segretarie e lo stesso vale per il parco macchine.\u00a0<\/p>\n<p><strong>Oggi siamo un\u2019azienda ambiziosa e moderna, specializzata in molteplici settori, che assicura ai suoi clienti esperienza e affidabilit\u00e0, ma che non ha perso il legame con le sue radici fatte di caparbiet\u00e0, buona volont\u00e0 e carattere familiare.<\/strong><\/p>\n<\/div>\t\t\t<\/div>\r\n\t\t<\/div>\r\n\t\t\t\t\t\t<\/div>\n\t\t\t\t<\/div>\n\t\t\t\t\t<\/div>\n\t\t<\/div>\n\t\t\t\t\t<\/div>\n\t\t<\/section>\n\t\t\t\t<section class=\"penci-section penci-dmcheck penci-elbg-activate penci-disSticky penci-structure-10 elementor-section elementor-top-section elementor-element elementor-element-7e0c729 elementor-section-boxed elementor-section-height-default elementor-section-height-default\" data-id=\"7e0c729\" data-element_type=\"section\" data-e-type=\"section\" data-settings=\"{&quot;background_background&quot;:&quot;classic&quot;}\">\n\t\t\t\t\t\t<div class=\"elementor-container elementor-column-gap-no\">\n\t\t\t\t\t<div class=\"penci-ercol-100 penci-ercol-order-1 penci-sticky-ct    elementor-column elementor-col-100 elementor-top-column elementor-element elementor-element-9514bd6\" data-id=\"9514bd6\" data-element_type=\"column\" data-e-type=\"column\">\n\t\t\t<div class=\"elementor-widget-wrap elementor-element-populated\">\n\t\t\t\t\t\t<div class=\"elementor-element elementor-element-689683b elementor-widget elementor-widget-penci-fancy_heading\" data-id=\"689683b\" data-element_type=\"widget\" data-e-type=\"widget\" data-widget_type=\"penci-fancy_heading.default\">\n\t\t\t\t<div class=\"elementor-widget-container\">\n\t\t\t\t\t\t\t<div class=\"penci-fancy-heading penci-heading-text-center\">\r\n\t\t\t<div class=\"penci-fancy-heading-inner\">\r\n\t\t\t\t<h2 class=\"penci-heading-title\"><span class=\"inner-tit\">seguici anche sui social<\/span><\/h2><div class=\"penci-heading-content entry-content\"><p>Su Instagram e Facebook troverai i nostri profili ufficiali con tanti lavori eseguiti e promozioni last minute.<\/p>\n<\/div>\t\t\t<\/div>\r\n\t\t<\/div>\r\n\t\t\t\t\t\t<\/div>\n\t\t\t\t<\/div>\n\t\t\t\t<div class=\"elementor-element elementor-element-ae566e4 elementor-widget elementor-widget-penci-instagram\" data-id=\"ae566e4\" data-element_type=\"widget\" data-e-type=\"widget\" data-widget_type=\"penci-instagram.default\">\n\t\t\t\t<div class=\"elementor-widget-container\">\n\t\t\t\t\t        <div class=\"penci-block-vc penci_instagram_widget-sc penci_instagram_widget penci_insta-thumbs\">\r\n\t\t\t            <div class=\"penci-block_content\">\r\n\t\t\t\t            <\/div>\r\n        <\/div>\r\n\t\t\t\t\t\t<\/div>\n\t\t\t\t<\/div>\n\t\t\t\t\t<\/div>\n\t\t<\/div>\n\t\t\t\t\t<\/div>\n\t\t<\/section>\n\t\t\t\t<\/div>\n\t\t","protected":false},"excerpt":{"rendered":"<p>RAFFAELE GUALTIERI CLIMA Chi Siamo? La nostra azienda \u00e8 il frutto di anni di esperienza al servizio dei nostri clienti Se dovessimo dare una definizione breve della nostra azienda, ci&hellip;<\/p>\n","protected":false},"author":1,"featured_media":0,"parent":0,"menu_order":0,"comment_status":"closed","ping_status":"closed","template":"page-fullwidth.php","meta":{"_uag_custom_page_level_css":"","footnotes":""},"yst_prominent_words":[],"class_list":["post-1815","page","type-page","status-publish","hentry"],"uagb_featured_image_src":{"full":false,"thumbnail":false,"medium":false,"medium_large":false,"large":false,"1536x1536":false,"2048x2048":false,"penci-single-full":false,"penci-slider-full-thumb":false,"penci-full-thumb":false,"penci-slider-thumb":false,"penci-magazine-slider":false,"penci-thumb":false,"penci-masonry-thumb":false,"penci-thumb-square":false,"penci-thumb-vertical":false,"penci-thumb-small":false},"uagb_author_info":{"display_name":"RaffaeleGualtieri","author_link":"https:\/\/www.raffaelegualtieri.com\/portale\/author\/gabriel\/"},"uagb_comment_info":0,"uagb_excerpt":"RAFFAELE GUALTIERI CLIMA Chi Siamo? La nostra azienda \u00e8 il frutto di anni di esperienza al servizio dei nostri clienti Se dovessimo dare una definizione breve della nostra azienda, ci&hellip;","_links":{"self":[{"href":"https:\/\/www.raffaelegualtieri.com\/portale\/wp-json\/wp\/v2\/pages\/1815","targetHints":{"allow":["GET"]}}],"collection":[{"href":"https:\/\/www.raffaelegualtieri.com\/portale\/wp-json\/wp\/v2\/pages"}],"about":[{"href":"https:\/\/www.raffaelegualtieri.com\/portale\/wp-json\/wp\/v2\/types\/page"}],"author":[{"embeddable":true,"href":"https:\/\/www.raffaelegualtieri.com\/portale\/wp-json\/wp\/v2\/users\/1"}],"replies":[{"embeddable":true,"href":"https:\/\/www.raffaelegualtieri.com\/portale\/wp-json\/wp\/v2\/comments?post=1815"}],"version-history":[{"count":4,"href":"https:\/\/www.raffaelegualtieri.com\/portale\/wp-json\/wp\/v2\/pages\/1815\/revisions"}],"predecessor-version":[{"id":2149,"href":"https:\/\/www.raffaelegualtieri.com\/portale\/wp-json\/wp\/v2\/pages\/1815\/revisions\/2149"}],"wp:attachment":[{"href":"https:\/\/www.raffaelegualtieri.com\/portale\/wp-json\/wp\/v2\/media?parent=1815"}],"wp:term":[{"taxonomy":"yst_prominent_words","embeddable":true,"href":"https:\/\/www.raffaelegualtieri.com\/portale\/wp-json\/wp\/v2\/yst_prominent_words?post=1815"}],"curies":[{"name":"wp","href":"https:\/\/api.w.org\/{rel}","templated":true}]}}

<div data-elementor-type="wp-page" data-elementor-id="1815" class="elementor elementor-1815">
						<section class="penci-section penci-dmcheck penci-elbg-activate penci-disSticky penci-structure-10 elementor-section elementor-top-section elementor-element elementor-element-d51674c elementor-section-boxed elementor-section-height-default elementor-section-height-default" data-id="d51674c" data-element_type="section" data-e-type="section" data-settings="{&quot;background_background&quot;:&quot;classic&quot;}">
							<div class="elementor-background-overlay"></div>
							<div class="elementor-container elementor-column-gap-extended">
					<div class="penci-ercol-100 penci-ercol-order-1 penci-sticky-ct    elementor-column elementor-col-100 elementor-top-column elementor-element elementor-element-11d8ea9" data-id="11d8ea9" data-element_type="column" data-e-type="column">
			<div class="elementor-widget-wrap elementor-element-populated">
						<div class="elementor-element elementor-element-2c20f7d elementor-widget elementor-widget-penci-fancy_heading" data-id="2c20f7d" data-element_type="widget" data-e-type="widget" data-widget_type="penci-fancy_heading.default">
				<div class="elementor-widget-container">
							<div class="penci-fancy-heading penci-heading-text-center">
			<div class="penci-fancy-heading-inner">
				<div class="penci-heading-subtitle">RAFFAELE GUALTIERI CLIMA</div><h1 class="penci-heading-title"><span class="inner-tit">Chi Siamo?</span></h1><div class="penci-separator penci-separator- penci-separator-center"><span class="penci-sep_holder penci-sep_holder_l"><span class="penci-sep_line"></span></span><span class="penci-sep_holder penci-sep_holder_r"><span class="penci-sep_line"></span></span></div><div class="penci-heading-content entry-content"><p>La nostra azienda è il frutto di anni di esperienza al servizio dei nostri clienti</p>
</div>			</div>
		</div>
						</div>
				</div>
					</div>
		</div>
					</div>
		</section>
				<section class="penci-section penci-disSticky penci-structure-10 elementor-section elementor-top-section elementor-element elementor-element-84b4366 elementor-section-boxed elementor-section-height-default elementor-section-height-default" data-id="84b4366" data-element_type="section" data-e-type="section">
						<div class="elementor-container elementor-column-gap-no">
					<div class="penci-ercol-100 penci-ercol-order-1 penci-sticky-ct    elementor-column elementor-col-100 elementor-top-column elementor-element elementor-element-3f5d78d" data-id="3f5d78d" data-element_type="column" data-e-type="column">
			<div class="elementor-widget-wrap elementor-element-populated">
						<div class="elementor-element elementor-element-d66d184 elementor-widget elementor-widget-image" data-id="d66d184" data-element_type="widget" data-e-type="widget" data-widget_type="image.default">
				<div class="elementor-widget-container">
															<img fetchpriority="high" decoding="async" width="1024" height="358" src="https://www.raffaelegualtieri.com/portale/wp-content/uploads/2025/10/staff_gualtieri-1024x358.jpg" class="attachment-large size-large wp-image-2146" alt="" srcset="https://www.raffaelegualtieri.com/portale/wp-content/uploads/2025/10/staff_gualtieri-1024x358.jpg 1024w, https://www.raffaelegualtieri.com/portale/wp-content/uploads/2025/10/staff_gualtieri-300x105.jpg 300w, https://www.raffaelegualtieri.com/portale/wp-content/uploads/2025/10/staff_gualtieri-768x268.jpg 768w, https://www.raffaelegualtieri.com/portale/wp-content/uploads/2025/10/staff_gualtieri-1536x537.jpg 1536w, https://www.raffaelegualtieri.com/portale/wp-content/uploads/2025/10/staff_gualtieri-1920x671.jpg 1920w, https://www.raffaelegualtieri.com/portale/wp-content/uploads/2025/10/staff_gualtieri-1170x409.jpg 1170w, https://www.raffaelegualtieri.com/portale/wp-content/uploads/2025/10/staff_gualtieri-585x204.jpg 585w, https://www.raffaelegualtieri.com/portale/wp-content/uploads/2025/10/staff_gualtieri.jpg 2024w" sizes="(max-width: 1024px) 100vw, 1024px" />															</div>
				</div>
				<div class="elementor-element elementor-element-df6f76b elementor-widget elementor-widget-penci-fancy_heading" data-id="df6f76b" data-element_type="widget" data-e-type="widget" data-widget_type="penci-fancy_heading.default">
				<div class="elementor-widget-container">
							<div class="penci-fancy-heading penci-heading-text-left">
			<div class="penci-fancy-heading-inner">
				<div class="penci-heading-content entry-content"><p>Se dovessimo dare una definizione breve della nostra azienda, ci piacerebbe dire che questa è figlia dell’impegno di un singolo, del contributo di tutta la sua famiglia e di una grande voglia di non smettere mai di mettersi in gioco.</p>
<p>Le nostre radici affondano nell’ormai lontano 1975, quando il titolare, <strong>Raffaele Gualtieri</strong>, iniziò a lavorare e a formarsi, come dipendente, con caldaie e bruciatori a gas e a gasolio.</p>
<p>L’elettronica era ancora lontanissima all’orizzonte: si iniziava a lavorare con le caldaie a gas, di marca Beretta, ma la normalità era rappresentata dalle caldaie a GPL. Le caldaie elettroniche sarebbero arrivate poco prima della metà degli anni ’80.</p>
<p>Nel 1985, due anni dopo essersi sposato, Raffele Gualtieri “compie il salto” e comincia a lavorare in proprio con Beretta. Fino al 1994, il Lavoro è tutto sulle spalle di Raffaele e la parte amministrativa viene fatta in casa.  Nel 1994, sarà assunto il primo dipendente, Nicodemo Caruso, nipote di Raffaele.</p>
<p>Nel 1995, l’azienda ha aperto una nuova sede comprensiva di ufficio ed ha assunto un nuovo collaboratore. L’ambito di competenza si è allargato all’impiantistica, all’idraulica e all’assistenza caldaie. Quattro anni dopo, nel 1999, l’azienda si è trasferita in una nuova sede più grande, ha assunto una segretaria e ha cominciato a lavorare anche con altri marchi.</p>
<p>Gli anni ’90 hanno visto il boom dei climatizzatori e anche la nostra azienda ha cominciato ad installarli, iniziando una proficua collaborazione con la ditta IRSAP, che continua tuttora. Parallelamente, abbiamo iniziato la collaborazione con la ditta Herrmann, produttrice di caldaie. All’inizio degli anni 2000, essendo l’azienda in crescita, abbiamo assunto nuovi collaboratori e acquistato diversi automezzi. Le collaborazioni con ditte produttrici di caldaie e di climatizzatori si è ampliata ancora.</p>
<p>Dall’inizio degli anni duemila ad oggi, siamo cresciuti ancora, ampliando la nostra offerta con nuovi marchi, con la vendita e la riparazione delle stufe (anche a pellet); i due figli di Raffaele, Alfredo ed Andrea, sono entrati a far parte dell’organico, insieme ad altri nuovi dipendenti. Abbiamo intrapreso il percorso dell’installazione di pannelli solari termici e di impianti idronici, curando la collaborazione con aziende prestigiose ed affidabili quali Daikin, Chaffoteaux, Baxi, Hermann Saunier Duval, LG, Mitsubishi Electric. </p>
<p>L’espansione è continuata fino al 2018, quando la Raffaele Gualtieri si è trasferita nella sede attuale, più grande e più comoda, in modo da organizzare il lavoro in maniera più efficiente. Attualmente, presso la nostra sede, sono presenti un ufficio Edison Gas & Luce, una segreteria, una sala espositiva, un ufficio per i tecnici ed un archivio. L’organico è aumentato fino a comprendere diversi tecnici e quattro segretarie e lo stesso vale per il parco macchine. </p>
<p><strong>Oggi siamo un’azienda ambiziosa e moderna, specializzata in molteplici settori, che assicura ai suoi clienti esperienza e affidabilità, ma che non ha perso il legame con le sue radici fatte di caparbietà, buona volontà e carattere familiare.</strong></p>
</div>			</div>
		</div>
						</div>
				</div>
					</div>
		</div>
					</div>
		</section>
				<section class="penci-section penci-dmcheck penci-elbg-activate penci-disSticky penci-structure-10 elementor-section elementor-top-section elementor-element elementor-element-7e0c729 elementor-section-boxed elementor-section-height-default elementor-section-height-default" data-id="7e0c729" data-element_type="section" data-e-type="section" data-settings="{&quot;background_background&quot;:&quot;classic&quot;}">
						<div class="elementor-container elementor-column-gap-no">
					<div class="penci-ercol-100 penci-ercol-order-1 penci-sticky-ct    elementor-column elementor-col-100 elementor-top-column elementor-element elementor-element-9514bd6" data-id="9514bd6" data-element_type="column" data-e-type="column">
			<div class="elementor-widget-wrap elementor-element-populated">
						<div class="elementor-element elementor-element-689683b elementor-widget elementor-widget-penci-fancy_heading" data-id="689683b" data-element_type="widget" data-e-type="widget" data-widget_type="penci-fancy_heading.default">
				<div class="elementor-widget-container">
							<div class="penci-fancy-heading penci-heading-text-center">
			<div class="penci-fancy-heading-inner">
				<h2 class="penci-heading-title"><span class="inner-tit">seguici anche sui social</span></h2><div class="penci-heading-content entry-content"><p>Su Instagram e Facebook troverai i nostri profili ufficiali con tanti lavori eseguiti e promozioni last minute.</p>
</div>			</div>
		</div>
						</div>
				</div>
				<div class="elementor-element elementor-element-ae566e4 elementor-widget elementor-widget-penci-instagram" data-id="ae566e4" data-element_type="widget" data-e-type="widget" data-widget_type="penci-instagram.default">
				<div class="elementor-widget-container">
					        <div class="penci-block-vc penci_instagram_widget-sc penci_instagram_widget penci_insta-thumbs">
			            <div class="penci-block_content">
				            </div>
        </div>
						</div>
				</div>
					</div>
		</div>
					</div>
		</section>
				</div>

<p>RAFFAELE GUALTIERI CLIMA Chi Siamo? La nostra azienda è il frutto di anni di esperienza al servizio dei nostri clienti Se dovessimo dare una definizione breve della nostra azienda, ci&hellip;</p>

RAFFAELE GUALTIERI CLIMA Chi Siamo? La nostra azienda è il frutto di anni di esperienza al servizio dei nostri clienti Se dovessimo dare una definizione breve della nostra azienda, ci&hellip;
